{"id":4885,"date":"2014-06-09T09:23:28","date_gmt":"2014-06-09T09:23:28","guid":{"rendered":"http:\/\/bringitusa.com\/gc14\/?page_id=4885"},"modified":"2014-07-28T10:45:36","modified_gmt":"2014-07-28T10:45:36","slug":"nkbm-branik-mariborslo","status":"publish","type":"page","link":"https:\/\/bringitusa.com\/gc14\/teams\/u22-division\/nkbm-branik-mariborslo\/","title":{"rendered":"NKBM Branik, Maribor\/SLO"},"content":{"rendered":"<p><a href=\"http:\/\/bringitusa.com\/gc14\/wp-content\/uploads\/sites\/2\/2014\/06\/IMG_26621.jpg\"><img decoding=\"async\" src=\"http:\/\/bringitusa.com\/gc14\/wp-content\/uploads\/sites\/2\/2014\/06\/IMG_26621.jpg\" alt=\"IMG_2662\" width=\"600\" height=\"400\" class=\"alignleft size-full wp-image-7332\" srcset=\"https:\/\/bringitusa.com\/gc14\/wp-content\/uploads\/sites\/2\/2014\/06\/IMG_26621-300x200.jpg 300w, https:\/\/bringitusa.com\/gc14\/wp-content\/uploads\/sites\/2\/2014\/06\/IMG_26621.jpg 600w\" sizes=\"(max-width: 600px) 100vw, 600px\" \/><\/a><\/p>\n<table width=\"595\">\n<tbody>\n<tr>\n<td width=\"71\"><strong>Number<\/strong><\/td>\n<td width=\"141\"><strong>Name<\/strong><\/td>\n<td width=\"82\"><strong>Position<\/strong><\/td>\n<td width=\"73\"><strong>Height<\/strong><\/td>\n<td width=\"91\"><strong>Date of Birth<\/strong><\/td>\n<td width=\"123\"><strong>Club<\/strong><\/td>\n<\/tr>\n<tr>\n<td width=\"71\">10<\/td>\n<td width=\"141\">Najdic Sara<\/td>\n<td width=\"82\">S<\/td>\n<td width=\"73\">174<\/td>\n<td width=\"91\">95<\/td>\n<td width=\"123\">NKBM<\/td>\n<\/tr>\n<tr>\n<td width=\"71\">12<\/td>\n<td width=\"141\">Planin\u0161ec Sa\u0161a<\/td>\n<td width=\"82\">MB<\/td>\n<td width=\"73\">188<\/td>\n<td width=\"91\">96<\/td>\n<td width=\"123\">NKBM<\/td>\n<\/tr>\n<tr>\n<td width=\"71\">4<\/td>\n<td width=\"141\">Kau\u010di\u010d Marina<\/td>\n<td width=\"82\">MB<\/td>\n<td width=\"73\">188<\/td>\n<td width=\"91\">92<\/td>\n<td width=\"123\">NKBM<\/td>\n<\/tr>\n<tr>\n<td width=\"71\">7<\/td>\n<td width=\"141\">Pajnik Lina<\/td>\n<td width=\"82\">L<\/td>\n<td width=\"73\">174<\/td>\n<td width=\"91\">91<\/td>\n<td width=\"123\">NKBM<\/td>\n<\/tr>\n<tr>\n<td width=\"71\">9<\/td>\n<td width=\"141\">Gri\u010dnik Nasja<\/td>\n<td width=\"82\">L<\/td>\n<td width=\"73\">175<\/td>\n<td width=\"91\">96<\/td>\n<td width=\"123\">NKBM<\/td>\n<\/tr>\n<tr>\n<td width=\"71\">6<\/td>\n<td width=\"141\">Er\u017een Darja<\/td>\n<td width=\"82\">OPP<\/td>\n<td width=\"73\">194<\/td>\n<td width=\"91\">97<\/td>\n<td width=\"123\">NKBM<\/td>\n<\/tr>\n<tr>\n<td width=\"71\">2<\/td>\n<td width=\"141\">Vovk Ana Marija<\/td>\n<td width=\"82\">OH<\/td>\n<td width=\"73\">186<\/td>\n<td width=\"91\">98<\/td>\n<td width=\"123\">NKBM<\/td>\n<\/tr>\n<tr>\n<td width=\"71\">11<\/td>\n<td width=\"141\">Tu\u010den Taja<\/td>\n<td width=\"82\">S<\/td>\n<td width=\"73\">182<\/td>\n<td width=\"91\">97<\/td>\n<td width=\"123\">NKBM<\/td>\n<\/tr>\n<tr>\n<td width=\"71\">1<\/td>\n<td width=\"141\">Mlakar Iza<\/td>\n<td width=\"82\">OH<\/td>\n<td width=\"73\">184<\/td>\n<td width=\"91\">96<\/td>\n<td width=\"123\">NKBM<\/td>\n<\/tr>\n<\/tbody>\n<\/table>\n","protected":false},"excerpt":{"rendered":"<p>Number Name Position Height Date of Birth Club 10 Najdic Sara S 174 95 NKBM 12 Planin\u0161ec Sa\u0161a MB 188 96 NKBM 4 Kau\u010di\u010d Marina MB 188 92 NKBM 7 Pajnik Lina L 174 91 NKBM 9 Gri\u010dnik Nasja L 175 96 NKBM 6 Er\u017een Darja OPP 194 97 NKBM 2 Vovk Ana Marija OH  [&#8230;]<\/p>\n","protected":false},"author":2,"featured_media":0,"parent":4835,"menu_order":0,"comment_status":"closed","ping_status":"closed","template":"side-navigation.php","meta":{"footnotes":""},"class_list":["post-4885","page","type-page","status-publish","hentry"],"yoast_head":"<!-- This site is optimized with the Yoast SEO plugin v26.7 - https:\/\/yoast.com\/wordpress\/plugins\/seo\/ -->\n<title>NKBM Branik, Maribor\/SLO - 2014 European Global Challenge<\/title>\n<meta name=\"robots\" content=\"index, follow, max-snippet:-1, max-image-preview:large, max-video-preview:-1\" \/>\n<link rel=\"canonical\" href=\"http:\/\/bringitusa.com\/gc14\/teams\/u22-division\/nkbm-branik-mariborslo\/\" \/>\n<meta property=\"og:locale\" content=\"en_US\" \/>\n<meta property=\"og:type\" content=\"article\" \/>\n<meta property=\"og:title\" content=\"NKBM Branik, Maribor\/SLO - 2014 European Global Challenge\" \/>\n<meta property=\"og:description\" content=\"Number Name Position Height Date of Birth Club 10 Najdic Sara S 174 95 NKBM 12 Planin\u0161ec Sa\u0161a MB 188 96 NKBM 4 Kau\u010di\u010d Marina MB 188 92 NKBM 7 Pajnik Lina L 174 91 NKBM 9 Gri\u010dnik Nasja L 175 96 NKBM 6 Er\u017een Darja OPP 194 97 NKBM 2 Vovk Ana Marija OH [...]\" \/>\n<meta property=\"og:url\" content=\"http:\/\/bringitusa.com\/gc14\/teams\/u22-division\/nkbm-branik-mariborslo\/\" \/>\n<meta property=\"og:site_name\" content=\"2014 European Global Challenge\" \/>\n<meta property=\"article:modified_time\" content=\"2014-07-28T10:45:36+00:00\" \/>\n<meta property=\"og:image\" content=\"http:\/\/bringitusa.com\/gc14\/wp-content\/uploads\/sites\/2\/2014\/06\/IMG_26621.jpg\" \/>\n<meta name=\"twitter:card\" content=\"summary_large_image\" \/>\n<script type=\"application\/ld+json\" class=\"yoast-schema-graph\">{\"@context\":\"https:\/\/schema.org\",\"@graph\":[{\"@type\":\"WebPage\",\"@id\":\"http:\/\/bringitusa.com\/gc14\/teams\/u22-division\/nkbm-branik-mariborslo\/\",\"url\":\"http:\/\/bringitusa.com\/gc14\/teams\/u22-division\/nkbm-branik-mariborslo\/\",\"name\":\"NKBM Branik, Maribor\/SLO - 2014 European Global Challenge\",\"isPartOf\":{\"@id\":\"https:\/\/bringitusa.com\/gc14\/#website\"},\"primaryImageOfPage\":{\"@id\":\"http:\/\/bringitusa.com\/gc14\/teams\/u22-division\/nkbm-branik-mariborslo\/#primaryimage\"},\"image\":{\"@id\":\"http:\/\/bringitusa.com\/gc14\/teams\/u22-division\/nkbm-branik-mariborslo\/#primaryimage\"},\"thumbnailUrl\":\"http:\/\/bringitusa.com\/gc14\/wp-content\/uploads\/sites\/2\/2014\/06\/IMG_26621.jpg\",\"datePublished\":\"2014-06-09T09:23:28+00:00\",\"dateModified\":\"2014-07-28T10:45:36+00:00\",\"breadcrumb\":{\"@id\":\"http:\/\/bringitusa.com\/gc14\/teams\/u22-division\/nkbm-branik-mariborslo\/#breadcrumb\"},\"inLanguage\":\"en-US\",\"potentialAction\":[{\"@type\":\"ReadAction\",\"target\":[\"http:\/\/bringitusa.com\/gc14\/teams\/u22-division\/nkbm-branik-mariborslo\/\"]}]},{\"@type\":\"ImageObject\",\"inLanguage\":\"en-US\",\"@id\":\"http:\/\/bringitusa.com\/gc14\/teams\/u22-division\/nkbm-branik-mariborslo\/#primaryimage\",\"url\":\"https:\/\/bringitusa.com\/gc14\/wp-content\/uploads\/sites\/2\/2014\/06\/IMG_26621.jpg\",\"contentUrl\":\"https:\/\/bringitusa.com\/gc14\/wp-content\/uploads\/sites\/2\/2014\/06\/IMG_26621.jpg\",\"width\":600,\"height\":400},{\"@type\":\"BreadcrumbList\",\"@id\":\"http:\/\/bringitusa.com\/gc14\/teams\/u22-division\/nkbm-branik-mariborslo\/#breadcrumb\",\"itemListElement\":[{\"@type\":\"ListItem\",\"position\":1,\"name\":\"Home\",\"item\":\"https:\/\/bringitusa.com\/gc14\/\"},{\"@type\":\"ListItem\",\"position\":2,\"name\":\"Teams\",\"item\":\"http:\/\/bringitusa.com\/gc14\/teams\/\"},{\"@type\":\"ListItem\",\"position\":3,\"name\":\"U22 Division\",\"item\":\"http:\/\/bringitusa.com\/gc14\/teams\/u22-division\/\"},{\"@type\":\"ListItem\",\"position\":4,\"name\":\"NKBM Branik, Maribor\/SLO\"}]},{\"@type\":\"WebSite\",\"@id\":\"https:\/\/bringitusa.com\/gc14\/#website\",\"url\":\"https:\/\/bringitusa.com\/gc14\/\",\"name\":\"2014 European Global Challenge\",\"description\":\"Bring It USA, LLC Sites\",\"potentialAction\":[{\"@type\":\"SearchAction\",\"target\":{\"@type\":\"EntryPoint\",\"urlTemplate\":\"https:\/\/bringitusa.com\/gc14\/?s={search_term_string}\"},\"query-input\":{\"@type\":\"PropertyValueSpecification\",\"valueRequired\":true,\"valueName\":\"search_term_string\"}}],\"inLanguage\":\"en-US\"}]}<\/script>\n<!-- \/ Yoast SEO plugin. -->","yoast_head_json":{"title":"NKBM Branik, Maribor\/SLO - 2014 European Global Challenge","robots":{"index":"index","follow":"follow","max-snippet":"max-snippet:-1","max-image-preview":"max-image-preview:large","max-video-preview":"max-video-preview:-1"},"canonical":"http:\/\/bringitusa.com\/gc14\/teams\/u22-division\/nkbm-branik-mariborslo\/","og_locale":"en_US","og_type":"article","og_title":"NKBM Branik, Maribor\/SLO - 2014 European Global Challenge","og_description":"Number Name Position Height Date of Birth Club 10 Najdic Sara S 174 95 NKBM 12 Planin\u0161ec Sa\u0161a MB 188 96 NKBM 4 Kau\u010di\u010d Marina MB 188 92 NKBM 7 Pajnik Lina L 174 91 NKBM 9 Gri\u010dnik Nasja L 175 96 NKBM 6 Er\u017een Darja OPP 194 97 NKBM 2 Vovk Ana Marija OH [...]","og_url":"http:\/\/bringitusa.com\/gc14\/teams\/u22-division\/nkbm-branik-mariborslo\/","og_site_name":"2014 European Global Challenge","article_modified_time":"2014-07-28T10:45:36+00:00","og_image":[{"url":"http:\/\/bringitusa.com\/gc14\/wp-content\/uploads\/sites\/2\/2014\/06\/IMG_26621.jpg","type":"","width":"","height":""}],"twitter_card":"summary_large_image","schema":{"@context":"https:\/\/schema.org","@graph":[{"@type":"WebPage","@id":"http:\/\/bringitusa.com\/gc14\/teams\/u22-division\/nkbm-branik-mariborslo\/","url":"http:\/\/bringitusa.com\/gc14\/teams\/u22-division\/nkbm-branik-mariborslo\/","name":"NKBM Branik, Maribor\/SLO - 2014 European Global Challenge","isPartOf":{"@id":"https:\/\/bringitusa.com\/gc14\/#website"},"primaryImageOfPage":{"@id":"http:\/\/bringitusa.com\/gc14\/teams\/u22-division\/nkbm-branik-mariborslo\/#primaryimage"},"image":{"@id":"http:\/\/bringitusa.com\/gc14\/teams\/u22-division\/nkbm-branik-mariborslo\/#primaryimage"},"thumbnailUrl":"http:\/\/bringitusa.com\/gc14\/wp-content\/uploads\/sites\/2\/2014\/06\/IMG_26621.jpg","datePublished":"2014-06-09T09:23:28+00:00","dateModified":"2014-07-28T10:45:36+00:00","breadcrumb":{"@id":"http:\/\/bringitusa.com\/gc14\/teams\/u22-division\/nkbm-branik-mariborslo\/#breadcrumb"},"inLanguage":"en-US","potentialAction":[{"@type":"ReadAction","target":["http:\/\/bringitusa.com\/gc14\/teams\/u22-division\/nkbm-branik-mariborslo\/"]}]},{"@type":"ImageObject","inLanguage":"en-US","@id":"http:\/\/bringitusa.com\/gc14\/teams\/u22-division\/nkbm-branik-mariborslo\/#primaryimage","url":"https:\/\/bringitusa.com\/gc14\/wp-content\/uploads\/sites\/2\/2014\/06\/IMG_26621.jpg","contentUrl":"https:\/\/bringitusa.com\/gc14\/wp-content\/uploads\/sites\/2\/2014\/06\/IMG_26621.jpg","width":600,"height":400},{"@type":"BreadcrumbList","@id":"http:\/\/bringitusa.com\/gc14\/teams\/u22-division\/nkbm-branik-mariborslo\/#breadcrumb","itemListElement":[{"@type":"ListItem","position":1,"name":"Home","item":"https:\/\/bringitusa.com\/gc14\/"},{"@type":"ListItem","position":2,"name":"Teams","item":"http:\/\/bringitusa.com\/gc14\/teams\/"},{"@type":"ListItem","position":3,"name":"U22 Division","item":"http:\/\/bringitusa.com\/gc14\/teams\/u22-division\/"},{"@type":"ListItem","position":4,"name":"NKBM Branik, Maribor\/SLO"}]},{"@type":"WebSite","@id":"https:\/\/bringitusa.com\/gc14\/#website","url":"https:\/\/bringitusa.com\/gc14\/","name":"2014 European Global Challenge","description":"Bring It USA, LLC Sites","potentialAction":[{"@type":"SearchAction","target":{"@type":"EntryPoint","urlTemplate":"https:\/\/bringitusa.com\/gc14\/?s={search_term_string}"},"query-input":{"@type":"PropertyValueSpecification","valueRequired":true,"valueName":"search_term_string"}}],"inLanguage":"en-US"}]}},"_links":{"self":[{"href":"https:\/\/bringitusa.com\/gc14\/wp-json\/wp\/v2\/pages\/4885","targetHints":{"allow":["GET"]}}],"collection":[{"href":"https:\/\/bringitusa.com\/gc14\/wp-json\/wp\/v2\/pages"}],"about":[{"href":"https:\/\/bringitusa.com\/gc14\/wp-json\/wp\/v2\/types\/page"}],"author":[{"embeddable":true,"href":"https:\/\/bringitusa.com\/gc14\/wp-json\/wp\/v2\/users\/2"}],"replies":[{"embeddable":true,"href":"https:\/\/bringitusa.com\/gc14\/wp-json\/wp\/v2\/comments?post=4885"}],"version-history":[{"count":0,"href":"https:\/\/bringitusa.com\/gc14\/wp-json\/wp\/v2\/pages\/4885\/revisions"}],"up":[{"embeddable":true,"href":"https:\/\/bringitusa.com\/gc14\/wp-json\/wp\/v2\/pages\/4835"}],"wp:attachment":[{"href":"https:\/\/bringitusa.com\/gc14\/wp-json\/wp\/v2\/media?parent=4885"}],"curies":[{"name":"wp","href":"https:\/\/api.w.org\/{rel}","templated":true}]}}