{"id":5410,"date":"2015-06-23T14:08:24","date_gmt":"2015-06-23T12:08:24","guid":{"rendered":"http:\/\/bringitusa.com\/gc15\/?page_id=5410"},"modified":"2015-07-13T22:52:04","modified_gmt":"2015-07-13T20:52:04","slug":"hungary-youth-b-national-team","status":"publish","type":"page","link":"https:\/\/bringitusa.com\/gc15\/hungary-youth-b-national-team\/","title":{"rendered":"Hungary Youth &#8220;B&#8221; National Team"},"content":{"rendered":"<p><a href=\"http:\/\/bringitusa.com\/gc15\/wp-content\/uploads\/sites\/3\/2015\/06\/hun-u-17-b.jpg\"><img decoding=\"async\" class=\"aligncenter size-full wp-image-6397\" src=\"http:\/\/bringitusa.com\/gc15\/wp-content\/uploads\/sites\/3\/2015\/06\/hun-u-17-b.jpg\" alt=\"hun u 17 b\" width=\"640\" height=\"427\" srcset=\"https:\/\/bringitusa.com\/gc15\/wp-content\/uploads\/sites\/3\/2015\/06\/hun-u-17-b-300x200.jpg 300w, https:\/\/bringitusa.com\/gc15\/wp-content\/uploads\/sites\/3\/2015\/06\/hun-u-17-b.jpg 640w\" sizes=\"(max-width: 640px) 100vw, 640px\" \/><\/a><\/p>\n<table width=\"896\">\n<tbody>\n<tr>\n<td width=\"64\"><\/td>\n<td width=\"198\"><\/td>\n<td width=\"151\"><\/td>\n<td width=\"71\"><\/td>\n<td width=\"112\"><\/td>\n<td width=\"300\"><\/td>\n<\/tr>\n<tr>\n<td width=\"64\"><\/td>\n<td width=\"198\"><strong>Name<\/strong><\/td>\n<td width=\"151\"><strong>Position<\/strong><\/td>\n<td width=\"71\"><strong>Height<\/strong><\/td>\n<td width=\"112\"><strong>\u00a0Year of Birth<\/strong><\/td>\n<td style=\"text-align: center;\" width=\"300\"><strong>\u00a0Club<\/strong><\/td>\n<\/tr>\n<tr>\n<td width=\"64\"><\/td>\n<td width=\"198\">Ambrosio Melani<\/td>\n<td width=\"151\">MB<\/td>\n<td width=\"71\">182 cm<\/td>\n<td width=\"112\">\u00a02000<\/td>\n<td width=\"300\"><\/td>\n<\/tr>\n<tr>\n<td width=\"64\"><\/td>\n<td width=\"198\">Dancsecs Nikolett<\/td>\n<td width=\"151\">MB<\/td>\n<td width=\"71\">184 cm<\/td>\n<td width=\"112\">\u00a02000<\/td>\n<td width=\"300\"><\/td>\n<\/tr>\n<tr>\n<td width=\"64\"><\/td>\n<td width=\"198\">K\u00f6rtv\u00e9lyessy R\u00e9ka<\/td>\n<td width=\"151\">OH<\/td>\n<td width=\"71\">172 cm<\/td>\n<td width=\"112\">\u00a02000<\/td>\n<td width=\"300\"><\/td>\n<\/tr>\n<tr>\n<td width=\"64\"><\/td>\n<td width=\"198\">Lagzi D\u00f3ra<\/td>\n<td width=\"151\">OH<\/td>\n<td width=\"71\">170 cm<\/td>\n<td width=\"112\">\u00a02001<\/td>\n<td width=\"300\"><\/td>\n<\/tr>\n<tr>\n<td width=\"64\"><\/td>\n<td width=\"198\">Lesi Ol\u00edvia<\/td>\n<td width=\"151\">OH<\/td>\n<td width=\"71\">177 cm<\/td>\n<td width=\"112\">\u00a02000<\/td>\n<td width=\"300\"><\/td>\n<\/tr>\n<tr>\n<td width=\"64\"><\/td>\n<td width=\"198\">Ol\u00e1h D\u00f3ra<\/td>\n<td width=\"151\">OP<\/td>\n<td width=\"71\">173 cm<\/td>\n<td width=\"112\">\u00a02000<\/td>\n<td width=\"300\"><\/td>\n<\/tr>\n<tr>\n<td width=\"64\"><\/td>\n<td width=\"198\">T\u00f3th-Bagi R\u00e9ka<\/td>\n<td width=\"151\">S<\/td>\n<td width=\"71\">173 cm<\/td>\n<td width=\"112\">\u00a02000<\/td>\n<td width=\"300\"><\/td>\n<\/tr>\n<tr>\n<td width=\"64\"><\/td>\n<td width=\"198\">Varga Vikt\u00f3ria<\/td>\n<td width=\"151\">L<\/td>\n<td width=\"71\">160 cm<\/td>\n<td width=\"112\">\u00a02000<\/td>\n<td width=\"300\"><\/td>\n<\/tr>\n<tr>\n<td width=\"64\"><\/td>\n<td width=\"198\"><\/td>\n<td width=\"151\"><\/td>\n<td width=\"71\"><\/td>\n<td width=\"112\"><\/td>\n<td width=\"300\"><\/td>\n<\/tr>\n<tr>\n<td width=\"64\"><\/td>\n<td width=\"198\"><\/td>\n<td width=\"151\"><\/td>\n<td width=\"71\"><\/td>\n<td width=\"112\"><\/td>\n<td width=\"300\"><\/td>\n<\/tr>\n<tr>\n<td width=\"64\"><\/td>\n<td width=\"198\"><\/td>\n<td width=\"151\"><\/td>\n<td width=\"71\"><\/td>\n<td width=\"112\"><\/td>\n<td width=\"300\"><\/td>\n<\/tr>\n<tr>\n<td width=\"64\"><\/td>\n<td width=\"198\"><\/td>\n<td width=\"151\"><\/td>\n<td width=\"71\"><\/td>\n<td width=\"112\"><\/td>\n<td width=\"300\"><\/td>\n<\/tr>\n<tr>\n<td width=\"64\"><\/td>\n<td width=\"198\"><\/td>\n<td width=\"151\"><\/td>\n<td width=\"71\"><\/td>\n<td width=\"112\"><\/td>\n<td width=\"300\"><\/td>\n<\/tr>\n<tr>\n<td width=\"64\"><\/td>\n<td width=\"198\">Szappanos M\u00e1t\u00e9<\/td>\n<td width=\"151\">Coach<\/td>\n<td width=\"71\"><\/td>\n<td width=\"112\"><\/td>\n<td width=\"300\"><\/td>\n<\/tr>\n<tr>\n<td width=\"64\"><\/td>\n<td width=\"198\"><\/td>\n<td width=\"151\"><\/td>\n<td width=\"71\"><\/td>\n<td width=\"112\"><\/td>\n<td width=\"300\"><\/td>\n<\/tr>\n<\/tbody>\n<\/table>\n","protected":false},"excerpt":{"rendered":"<p>Name Position Height \u00a0Year of Birth \u00a0Club Ambrosio Melani MB 182 cm \u00a02000 Dancsecs Nikolett MB 184 cm \u00a02000 K\u00f6rtv\u00e9lyessy R\u00e9ka OH 172 cm \u00a02000 Lagzi D\u00f3ra OH 170 cm \u00a02001 Lesi Ol\u00edvia OH 177 cm \u00a02000 Ol\u00e1h D\u00f3ra OP 173 cm \u00a02000 T\u00f3th-Bagi R\u00e9ka S 173 cm \u00a02000 Varga Vikt\u00f3ria L 160 cm \u00a02000  [&#8230;]<\/p>\n","protected":false},"author":2,"featured_media":0,"parent":0,"menu_order":0,"comment_status":"open","ping_status":"open","template":"","meta":{"footnotes":""},"class_list":["post-5410","page","type-page","status-publish","hentry"],"yoast_head":"<!-- This site is optimized with the Yoast SEO plugin v27.6 - https:\/\/yoast.com\/product\/yoast-seo-wordpress\/ -->\n<title>Hungary Youth &quot;B&quot; National Team - 2015 European Global Challnege<\/title>\n<meta name=\"robots\" content=\"index, follow, max-snippet:-1, max-image-preview:large, max-video-preview:-1\" \/>\n<link rel=\"canonical\" href=\"https:\/\/bringitusa.com\/gc15\/hungary-youth-b-national-team\/\" \/>\n<meta property=\"og:locale\" content=\"en_US\" \/>\n<meta property=\"og:type\" content=\"article\" \/>\n<meta property=\"og:title\" content=\"Hungary Youth &quot;B&quot; National Team - 2015 European Global Challnege\" \/>\n<meta property=\"og:description\" content=\"Name Position Height \u00a0Year of Birth \u00a0Club Ambrosio Melani MB 182 cm \u00a02000 Dancsecs Nikolett MB 184 cm \u00a02000 K\u00f6rtv\u00e9lyessy R\u00e9ka OH 172 cm \u00a02000 Lagzi D\u00f3ra OH 170 cm \u00a02001 Lesi Ol\u00edvia OH 177 cm \u00a02000 Ol\u00e1h D\u00f3ra OP 173 cm \u00a02000 T\u00f3th-Bagi R\u00e9ka S 173 cm \u00a02000 Varga Vikt\u00f3ria L 160 cm \u00a02000 [...]\" \/>\n<meta property=\"og:url\" content=\"https:\/\/bringitusa.com\/gc15\/hungary-youth-b-national-team\/\" \/>\n<meta property=\"og:site_name\" content=\"2015 European Global Challnege\" \/>\n<meta property=\"article:modified_time\" content=\"2015-07-13T20:52:04+00:00\" \/>\n<meta property=\"og:image\" content=\"http:\/\/bringitusa.com\/gc15\/wp-content\/uploads\/sites\/3\/2015\/06\/hun-u-17-b.jpg\" \/>\n<meta name=\"twitter:card\" content=\"summary_large_image\" \/>\n<script type=\"application\/ld+json\" class=\"yoast-schema-graph\">{\"@context\":\"https:\\\/\\\/schema.org\",\"@graph\":[{\"@type\":\"WebPage\",\"@id\":\"https:\\\/\\\/bringitusa.com\\\/gc15\\\/hungary-youth-b-national-team\\\/\",\"url\":\"https:\\\/\\\/bringitusa.com\\\/gc15\\\/hungary-youth-b-national-team\\\/\",\"name\":\"Hungary Youth \\\"B\\\" National Team - 2015 European Global Challnege\",\"isPartOf\":{\"@id\":\"https:\\\/\\\/bringitusa.com\\\/gc15\\\/#website\"},\"primaryImageOfPage\":{\"@id\":\"https:\\\/\\\/bringitusa.com\\\/gc15\\\/hungary-youth-b-national-team\\\/#primaryimage\"},\"image\":{\"@id\":\"https:\\\/\\\/bringitusa.com\\\/gc15\\\/hungary-youth-b-national-team\\\/#primaryimage\"},\"thumbnailUrl\":\"http:\\\/\\\/bringitusa.com\\\/gc15\\\/wp-content\\\/uploads\\\/sites\\\/3\\\/2015\\\/06\\\/hun-u-17-b.jpg\",\"datePublished\":\"2015-06-23T12:08:24+00:00\",\"dateModified\":\"2015-07-13T20:52:04+00:00\",\"breadcrumb\":{\"@id\":\"https:\\\/\\\/bringitusa.com\\\/gc15\\\/hungary-youth-b-national-team\\\/#breadcrumb\"},\"inLanguage\":\"en-US\",\"potentialAction\":[{\"@type\":\"ReadAction\",\"target\":[\"https:\\\/\\\/bringitusa.com\\\/gc15\\\/hungary-youth-b-national-team\\\/\"]}]},{\"@type\":\"ImageObject\",\"inLanguage\":\"en-US\",\"@id\":\"https:\\\/\\\/bringitusa.com\\\/gc15\\\/hungary-youth-b-national-team\\\/#primaryimage\",\"url\":\"https:\\\/\\\/bringitusa.com\\\/gc15\\\/wp-content\\\/uploads\\\/sites\\\/3\\\/2015\\\/06\\\/hun-u-17-b.jpg\",\"contentUrl\":\"https:\\\/\\\/bringitusa.com\\\/gc15\\\/wp-content\\\/uploads\\\/sites\\\/3\\\/2015\\\/06\\\/hun-u-17-b.jpg\",\"width\":640,\"height\":427},{\"@type\":\"BreadcrumbList\",\"@id\":\"https:\\\/\\\/bringitusa.com\\\/gc15\\\/hungary-youth-b-national-team\\\/#breadcrumb\",\"itemListElement\":[{\"@type\":\"ListItem\",\"position\":1,\"name\":\"Home\",\"item\":\"https:\\\/\\\/bringitusa.com\\\/gc15\\\/\"},{\"@type\":\"ListItem\",\"position\":2,\"name\":\"Hungary Youth &#8220;B&#8221; National Team\"}]},{\"@type\":\"WebSite\",\"@id\":\"https:\\\/\\\/bringitusa.com\\\/gc15\\\/#website\",\"url\":\"https:\\\/\\\/bringitusa.com\\\/gc15\\\/\",\"name\":\"2015 European Global Challnege\",\"description\":\"Bring It USA, LLC\",\"potentialAction\":[{\"@type\":\"SearchAction\",\"target\":{\"@type\":\"EntryPoint\",\"urlTemplate\":\"https:\\\/\\\/bringitusa.com\\\/gc15\\\/?s={search_term_string}\"},\"query-input\":{\"@type\":\"PropertyValueSpecification\",\"valueRequired\":true,\"valueName\":\"search_term_string\"}}],\"inLanguage\":\"en-US\"}]}<\/script>\n<!-- \/ Yoast SEO plugin. -->","yoast_head_json":{"title":"Hungary Youth \"B\" National Team - 2015 European Global Challnege","robots":{"index":"index","follow":"follow","max-snippet":"max-snippet:-1","max-image-preview":"max-image-preview:large","max-video-preview":"max-video-preview:-1"},"canonical":"https:\/\/bringitusa.com\/gc15\/hungary-youth-b-national-team\/","og_locale":"en_US","og_type":"article","og_title":"Hungary Youth \"B\" National Team - 2015 European Global Challnege","og_description":"Name Position Height \u00a0Year of Birth \u00a0Club Ambrosio Melani MB 182 cm \u00a02000 Dancsecs Nikolett MB 184 cm \u00a02000 K\u00f6rtv\u00e9lyessy R\u00e9ka OH 172 cm \u00a02000 Lagzi D\u00f3ra OH 170 cm \u00a02001 Lesi Ol\u00edvia OH 177 cm \u00a02000 Ol\u00e1h D\u00f3ra OP 173 cm \u00a02000 T\u00f3th-Bagi R\u00e9ka S 173 cm \u00a02000 Varga Vikt\u00f3ria L 160 cm \u00a02000 [...]","og_url":"https:\/\/bringitusa.com\/gc15\/hungary-youth-b-national-team\/","og_site_name":"2015 European Global Challnege","article_modified_time":"2015-07-13T20:52:04+00:00","og_image":[{"url":"http:\/\/bringitusa.com\/gc15\/wp-content\/uploads\/sites\/3\/2015\/06\/hun-u-17-b.jpg","type":"","width":"","height":""}],"twitter_card":"summary_large_image","schema":{"@context":"https:\/\/schema.org","@graph":[{"@type":"WebPage","@id":"https:\/\/bringitusa.com\/gc15\/hungary-youth-b-national-team\/","url":"https:\/\/bringitusa.com\/gc15\/hungary-youth-b-national-team\/","name":"Hungary Youth \"B\" National Team - 2015 European Global Challnege","isPartOf":{"@id":"https:\/\/bringitusa.com\/gc15\/#website"},"primaryImageOfPage":{"@id":"https:\/\/bringitusa.com\/gc15\/hungary-youth-b-national-team\/#primaryimage"},"image":{"@id":"https:\/\/bringitusa.com\/gc15\/hungary-youth-b-national-team\/#primaryimage"},"thumbnailUrl":"http:\/\/bringitusa.com\/gc15\/wp-content\/uploads\/sites\/3\/2015\/06\/hun-u-17-b.jpg","datePublished":"2015-06-23T12:08:24+00:00","dateModified":"2015-07-13T20:52:04+00:00","breadcrumb":{"@id":"https:\/\/bringitusa.com\/gc15\/hungary-youth-b-national-team\/#breadcrumb"},"inLanguage":"en-US","potentialAction":[{"@type":"ReadAction","target":["https:\/\/bringitusa.com\/gc15\/hungary-youth-b-national-team\/"]}]},{"@type":"ImageObject","inLanguage":"en-US","@id":"https:\/\/bringitusa.com\/gc15\/hungary-youth-b-national-team\/#primaryimage","url":"https:\/\/bringitusa.com\/gc15\/wp-content\/uploads\/sites\/3\/2015\/06\/hun-u-17-b.jpg","contentUrl":"https:\/\/bringitusa.com\/gc15\/wp-content\/uploads\/sites\/3\/2015\/06\/hun-u-17-b.jpg","width":640,"height":427},{"@type":"BreadcrumbList","@id":"https:\/\/bringitusa.com\/gc15\/hungary-youth-b-national-team\/#breadcrumb","itemListElement":[{"@type":"ListItem","position":1,"name":"Home","item":"https:\/\/bringitusa.com\/gc15\/"},{"@type":"ListItem","position":2,"name":"Hungary Youth &#8220;B&#8221; National Team"}]},{"@type":"WebSite","@id":"https:\/\/bringitusa.com\/gc15\/#website","url":"https:\/\/bringitusa.com\/gc15\/","name":"2015 European Global Challnege","description":"Bring It USA, LLC","potentialAction":[{"@type":"SearchAction","target":{"@type":"EntryPoint","urlTemplate":"https:\/\/bringitusa.com\/gc15\/?s={search_term_string}"},"query-input":{"@type":"PropertyValueSpecification","valueRequired":true,"valueName":"search_term_string"}}],"inLanguage":"en-US"}]}},"_links":{"self":[{"href":"https:\/\/bringitusa.com\/gc15\/wp-json\/wp\/v2\/pages\/5410","targetHints":{"allow":["GET"]}}],"collection":[{"href":"https:\/\/bringitusa.com\/gc15\/wp-json\/wp\/v2\/pages"}],"about":[{"href":"https:\/\/bringitusa.com\/gc15\/wp-json\/wp\/v2\/types\/page"}],"author":[{"embeddable":true,"href":"https:\/\/bringitusa.com\/gc15\/wp-json\/wp\/v2\/users\/2"}],"replies":[{"embeddable":true,"href":"https:\/\/bringitusa.com\/gc15\/wp-json\/wp\/v2\/comments?post=5410"}],"version-history":[{"count":0,"href":"https:\/\/bringitusa.com\/gc15\/wp-json\/wp\/v2\/pages\/5410\/revisions"}],"wp:attachment":[{"href":"https:\/\/bringitusa.com\/gc15\/wp-json\/wp\/v2\/media?parent=5410"}],"curies":[{"name":"wp","href":"https:\/\/api.w.org\/{rel}","templated":true}]}}