{"id":142,"date":"2016-07-09T07:03:47","date_gmt":"2016-07-09T07:03:47","guid":{"rendered":"http:\/\/bringitusa.com\/gc2016\/?page_id=142"},"modified":"2016-07-12T10:25:46","modified_gmt":"2016-07-12T10:25:46","slug":"nkbm-u17","status":"publish","type":"page","link":"https:\/\/bringitusa.com\/gc2016\/teams\/u17-division\/nkbm-u17\/","title":{"rendered":"NKBM U17"},"content":{"rendered":"<p><img decoding=\"async\" class=\"aligncenter size-full wp-image-183\" src=\"http:\/\/bringitusa.com\/gc2016\/wp-content\/uploads\/sites\/5\/2016\/07\/NKBM.jpg\" alt=\"NKBM\" width=\"1100\" height=\"733\" srcset=\"https:\/\/bringitusa.com\/gc2016\/wp-content\/uploads\/sites\/5\/2016\/07\/NKBM-200x133.jpg 200w, https:\/\/bringitusa.com\/gc2016\/wp-content\/uploads\/sites\/5\/2016\/07\/NKBM-300x200.jpg 300w, https:\/\/bringitusa.com\/gc2016\/wp-content\/uploads\/sites\/5\/2016\/07\/NKBM-400x267.jpg 400w, https:\/\/bringitusa.com\/gc2016\/wp-content\/uploads\/sites\/5\/2016\/07\/NKBM-600x400.jpg 600w, https:\/\/bringitusa.com\/gc2016\/wp-content\/uploads\/sites\/5\/2016\/07\/NKBM-768x512.jpg 768w, https:\/\/bringitusa.com\/gc2016\/wp-content\/uploads\/sites\/5\/2016\/07\/NKBM-800x533.jpg 800w, https:\/\/bringitusa.com\/gc2016\/wp-content\/uploads\/sites\/5\/2016\/07\/NKBM-1024x682.jpg 1024w, https:\/\/bringitusa.com\/gc2016\/wp-content\/uploads\/sites\/5\/2016\/07\/NKBM.jpg 1100w\" sizes=\"(max-width: 1100px) 100vw, 1100px\" \/><\/p>\n<table width=\"1134\">\n<tbody>\n<tr>\n<td width=\"151\"><strong>JERSEY NUMBER<\/strong><\/td>\n<td width=\"227\"><strong>NAME<\/strong><\/td>\n<td width=\"151\"><strong>POSITION<\/strong><\/td>\n<td width=\"151\"><strong>HEIGHT<\/strong><\/td>\n<td width=\"151\"><strong>YEAR OF BIRTH<\/strong><\/td>\n<td width=\"302\"><strong>CLUB<\/strong><\/td>\n<\/tr>\n<tr>\n<td width=\"151\"><\/td>\n<td width=\"227\">Ana \u0160\u010duka<\/td>\n<td width=\"151\">Middle<\/td>\n<td width=\"151\">178 cm<\/td>\n<td width=\"151\">2000<\/td>\n<td width=\"302\">Nova KBM Branik<\/td>\n<\/tr>\n<tr>\n<td width=\"151\"><\/td>\n<td width=\"227\">Ajda \u0160\u010duka<\/td>\n<td width=\"151\">Outside<\/td>\n<td width=\"151\">176 cm<\/td>\n<td width=\"151\">2000<\/td>\n<td width=\"302\">Nova KBM Branik<\/td>\n<\/tr>\n<tr>\n<td width=\"151\"><\/td>\n<td width=\"227\">Pia Bernjak<\/td>\n<td width=\"151\">Setter<\/td>\n<td width=\"151\">179 cm<\/td>\n<td width=\"151\">2000<\/td>\n<td width=\"302\">Nova KBM Branik<\/td>\n<\/tr>\n<tr>\n<td width=\"151\"><\/td>\n<td width=\"227\">Tonka Pu\u010dnik<\/td>\n<td width=\"151\">Setter<\/td>\n<td width=\"151\">178 cm<\/td>\n<td width=\"151\">2000<\/td>\n<td width=\"302\">Nova KBM Branik<\/td>\n<\/tr>\n<tr>\n<td width=\"151\"><\/td>\n<td width=\"227\">Lena Pu\u010dnik<\/td>\n<td width=\"151\">Outside<\/td>\n<td width=\"151\">179 cm<\/td>\n<td width=\"151\">2000<\/td>\n<td width=\"302\">Nova KBM Branik<\/td>\n<\/tr>\n<tr>\n<td width=\"151\"><\/td>\n<td width=\"227\">Nika Fi\u0161er<\/td>\n<td width=\"151\">Opposite<\/td>\n<td width=\"151\">179 cm<\/td>\n<td width=\"151\">1999<\/td>\n<td width=\"302\">Nova KBM Branik<\/td>\n<\/tr>\n<tr>\n<td width=\"151\"><\/td>\n<td width=\"227\">Nika Dobaj<\/td>\n<td width=\"151\">Libero<\/td>\n<td width=\"151\">174 cm<\/td>\n<td width=\"151\">1999<\/td>\n<td width=\"302\">Nova KBM Branik<\/td>\n<\/tr>\n<tr>\n<td width=\"151\"><\/td>\n<td width=\"227\">Klara Simeunovi\u010d<\/td>\n<td width=\"151\">Setter<\/td>\n<td width=\"151\">176 cm<\/td>\n<td width=\"151\">2000<\/td>\n<td width=\"302\">Nova KBM Branik<\/td>\n<\/tr>\n<tr>\n<td width=\"151\"><\/td>\n<td width=\"227\">Lara Kova\u010dec<\/td>\n<td width=\"151\">Outside<\/td>\n<td width=\"151\">180 cm<\/td>\n<td width=\"151\">2000<\/td>\n<td width=\"302\">Nova KBM Branik<\/td>\n<\/tr>\n<tr>\n<td width=\"151\"><\/td>\n<td width=\"227\">Anja Mazej<\/td>\n<td width=\"151\">Libero<\/td>\n<td width=\"151\">170 cm<\/td>\n<td width=\"151\">2000<\/td>\n<td width=\"302\">Nova KBM Branik<\/td>\n<\/tr>\n<tr>\n<td width=\"151\"><\/td>\n<td width=\"227\">Ana Mojca Krajnc<\/td>\n<td width=\"151\">Middle<\/td>\n<td width=\"151\">180 cm<\/td>\n<td width=\"151\">2000<\/td>\n<td width=\"302\">Nova KBM Branik<\/td>\n<\/tr>\n<tr>\n<td width=\"151\"><\/td>\n<td width=\"227\"><\/td>\n<td width=\"151\"><\/td>\n<td width=\"151\"><\/td>\n<td width=\"151\"><\/td>\n<td width=\"302\"><\/td>\n<\/tr>\n<tr>\n<td width=\"151\"><\/td>\n<td width=\"227\">Sebastijan \u0160korc<\/td>\n<td width=\"151\">Head Coach<\/td>\n<td width=\"151\"><\/td>\n<td width=\"151\"><\/td>\n<td width=\"302\"><\/td>\n<\/tr>\n<tr>\n<td width=\"151\"><\/td>\n<td width=\"227\">Alen Krajnc<\/td>\n<td width=\"151\">Assistant Coach<\/td>\n<td width=\"151\"><\/td>\n<td width=\"151\"><\/td>\n<td width=\"302\"><\/td>\n<\/tr>\n<tr>\n<td width=\"151\"><\/td>\n<td width=\"227\"><\/td>\n<td width=\"151\"><\/td>\n<td width=\"151\"><\/td>\n<td width=\"151\"><\/td>\n<td width=\"302\"><\/td>\n<\/tr>\n<\/tbody>\n<\/table>\n","protected":false},"excerpt":{"rendered":"<p>JERSEY NUMBER NAME POSITION HEIGHT YEAR OF BIRTH CLUB Ana \u0160\u010duka Middle 178 cm 2000 Nova KBM Branik Ajda \u0160\u010duka Outside 176 cm 2000 Nova KBM Branik Pia Bernjak Setter 179 cm 2000 Nova KBM Branik Tonka Pu\u010dnik Setter 178 cm 2000 Nova KBM Branik Lena Pu\u010dnik Outside 179 cm 2000 Nova KBM Branik Nika  [&#8230;]<\/p>\n","protected":false},"author":2,"featured_media":0,"parent":67,"menu_order":0,"comment_status":"closed","ping_status":"closed","template":"","meta":{"footnotes":""},"class_list":["post-142","page","type-page","status-publish","hentry"],"yoast_head":"<!-- This site is optimized with the Yoast SEO plugin v27.6 - https:\/\/yoast.com\/product\/yoast-seo-wordpress\/ -->\n<title>NKBM U17 - Global Challenge 2016<\/title>\n<meta name=\"robots\" content=\"index, follow, max-snippet:-1, max-image-preview:large, max-video-preview:-1\" \/>\n<link rel=\"canonical\" href=\"https:\/\/bringitusa.com\/gc2016\/teams\/u17-division\/nkbm-u17\/\" \/>\n<meta property=\"og:locale\" content=\"en_US\" \/>\n<meta property=\"og:type\" content=\"article\" \/>\n<meta property=\"og:title\" content=\"NKBM U17 - Global Challenge 2016\" \/>\n<meta property=\"og:description\" content=\"JERSEY NUMBER NAME POSITION HEIGHT YEAR OF BIRTH CLUB Ana \u0160\u010duka Middle 178 cm 2000 Nova KBM Branik Ajda \u0160\u010duka Outside 176 cm 2000 Nova KBM Branik Pia Bernjak Setter 179 cm 2000 Nova KBM Branik Tonka Pu\u010dnik Setter 178 cm 2000 Nova KBM Branik Lena Pu\u010dnik Outside 179 cm 2000 Nova KBM Branik Nika [...]\" \/>\n<meta property=\"og:url\" content=\"https:\/\/bringitusa.com\/gc2016\/teams\/u17-division\/nkbm-u17\/\" \/>\n<meta property=\"og:site_name\" content=\"Global Challenge 2016\" \/>\n<meta property=\"article:modified_time\" content=\"2016-07-12T10:25:46+00:00\" \/>\n<meta property=\"og:image\" content=\"http:\/\/bringitusa.com\/gc2016\/wp-content\/uploads\/sites\/5\/2016\/07\/NKBM.jpg\" \/>\n<meta name=\"twitter:card\" content=\"summary_large_image\" \/>\n<script type=\"application\/ld+json\" class=\"yoast-schema-graph\">{\"@context\":\"https:\\\/\\\/schema.org\",\"@graph\":[{\"@type\":\"WebPage\",\"@id\":\"https:\\\/\\\/bringitusa.com\\\/gc2016\\\/teams\\\/u17-division\\\/nkbm-u17\\\/\",\"url\":\"https:\\\/\\\/bringitusa.com\\\/gc2016\\\/teams\\\/u17-division\\\/nkbm-u17\\\/\",\"name\":\"NKBM U17 - Global Challenge 2016\",\"isPartOf\":{\"@id\":\"https:\\\/\\\/bringitusa.com\\\/gc2016\\\/#website\"},\"primaryImageOfPage\":{\"@id\":\"https:\\\/\\\/bringitusa.com\\\/gc2016\\\/teams\\\/u17-division\\\/nkbm-u17\\\/#primaryimage\"},\"image\":{\"@id\":\"https:\\\/\\\/bringitusa.com\\\/gc2016\\\/teams\\\/u17-division\\\/nkbm-u17\\\/#primaryimage\"},\"thumbnailUrl\":\"http:\\\/\\\/bringitusa.com\\\/gc2016\\\/wp-content\\\/uploads\\\/sites\\\/5\\\/2016\\\/07\\\/NKBM.jpg\",\"datePublished\":\"2016-07-09T07:03:47+00:00\",\"dateModified\":\"2016-07-12T10:25:46+00:00\",\"breadcrumb\":{\"@id\":\"https:\\\/\\\/bringitusa.com\\\/gc2016\\\/teams\\\/u17-division\\\/nkbm-u17\\\/#breadcrumb\"},\"inLanguage\":\"en-US\",\"potentialAction\":[{\"@type\":\"ReadAction\",\"target\":[\"https:\\\/\\\/bringitusa.com\\\/gc2016\\\/teams\\\/u17-division\\\/nkbm-u17\\\/\"]}]},{\"@type\":\"ImageObject\",\"inLanguage\":\"en-US\",\"@id\":\"https:\\\/\\\/bringitusa.com\\\/gc2016\\\/teams\\\/u17-division\\\/nkbm-u17\\\/#primaryimage\",\"url\":\"https:\\\/\\\/bringitusa.com\\\/gc2016\\\/wp-content\\\/uploads\\\/sites\\\/5\\\/2016\\\/07\\\/NKBM.jpg\",\"contentUrl\":\"https:\\\/\\\/bringitusa.com\\\/gc2016\\\/wp-content\\\/uploads\\\/sites\\\/5\\\/2016\\\/07\\\/NKBM.jpg\",\"width\":1100,\"height\":733},{\"@type\":\"BreadcrumbList\",\"@id\":\"https:\\\/\\\/bringitusa.com\\\/gc2016\\\/teams\\\/u17-division\\\/nkbm-u17\\\/#breadcrumb\",\"itemListElement\":[{\"@type\":\"ListItem\",\"position\":1,\"name\":\"Home\",\"item\":\"https:\\\/\\\/bringitusa.com\\\/gc2016\\\/\"},{\"@type\":\"ListItem\",\"position\":2,\"name\":\"TEAMS\",\"item\":\"https:\\\/\\\/bringitusa.com\\\/gc2016\\\/teams\\\/\"},{\"@type\":\"ListItem\",\"position\":3,\"name\":\"U17 DIVISION\",\"item\":\"https:\\\/\\\/bringitusa.com\\\/gc2016\\\/teams\\\/u17-division\\\/\"},{\"@type\":\"ListItem\",\"position\":4,\"name\":\"NKBM U17\"}]},{\"@type\":\"WebSite\",\"@id\":\"https:\\\/\\\/bringitusa.com\\\/gc2016\\\/#website\",\"url\":\"https:\\\/\\\/bringitusa.com\\\/gc2016\\\/\",\"name\":\"Global Challenge 2016\",\"description\":\"Brought to you by Bring It USA\",\"potentialAction\":[{\"@type\":\"SearchAction\",\"target\":{\"@type\":\"EntryPoint\",\"urlTemplate\":\"https:\\\/\\\/bringitusa.com\\\/gc2016\\\/?s={search_term_string}\"},\"query-input\":{\"@type\":\"PropertyValueSpecification\",\"valueRequired\":true,\"valueName\":\"search_term_string\"}}],\"inLanguage\":\"en-US\"}]}<\/script>\n<!-- \/ Yoast SEO plugin. -->","yoast_head_json":{"title":"NKBM U17 - Global Challenge 2016","robots":{"index":"index","follow":"follow","max-snippet":"max-snippet:-1","max-image-preview":"max-image-preview:large","max-video-preview":"max-video-preview:-1"},"canonical":"https:\/\/bringitusa.com\/gc2016\/teams\/u17-division\/nkbm-u17\/","og_locale":"en_US","og_type":"article","og_title":"NKBM U17 - Global Challenge 2016","og_description":"JERSEY NUMBER NAME POSITION HEIGHT YEAR OF BIRTH CLUB Ana \u0160\u010duka Middle 178 cm 2000 Nova KBM Branik Ajda \u0160\u010duka Outside 176 cm 2000 Nova KBM Branik Pia Bernjak Setter 179 cm 2000 Nova KBM Branik Tonka Pu\u010dnik Setter 178 cm 2000 Nova KBM Branik Lena Pu\u010dnik Outside 179 cm 2000 Nova KBM Branik Nika [...]","og_url":"https:\/\/bringitusa.com\/gc2016\/teams\/u17-division\/nkbm-u17\/","og_site_name":"Global Challenge 2016","article_modified_time":"2016-07-12T10:25:46+00:00","og_image":[{"url":"http:\/\/bringitusa.com\/gc2016\/wp-content\/uploads\/sites\/5\/2016\/07\/NKBM.jpg","type":"","width":"","height":""}],"twitter_card":"summary_large_image","schema":{"@context":"https:\/\/schema.org","@graph":[{"@type":"WebPage","@id":"https:\/\/bringitusa.com\/gc2016\/teams\/u17-division\/nkbm-u17\/","url":"https:\/\/bringitusa.com\/gc2016\/teams\/u17-division\/nkbm-u17\/","name":"NKBM U17 - Global Challenge 2016","isPartOf":{"@id":"https:\/\/bringitusa.com\/gc2016\/#website"},"primaryImageOfPage":{"@id":"https:\/\/bringitusa.com\/gc2016\/teams\/u17-division\/nkbm-u17\/#primaryimage"},"image":{"@id":"https:\/\/bringitusa.com\/gc2016\/teams\/u17-division\/nkbm-u17\/#primaryimage"},"thumbnailUrl":"http:\/\/bringitusa.com\/gc2016\/wp-content\/uploads\/sites\/5\/2016\/07\/NKBM.jpg","datePublished":"2016-07-09T07:03:47+00:00","dateModified":"2016-07-12T10:25:46+00:00","breadcrumb":{"@id":"https:\/\/bringitusa.com\/gc2016\/teams\/u17-division\/nkbm-u17\/#breadcrumb"},"inLanguage":"en-US","potentialAction":[{"@type":"ReadAction","target":["https:\/\/bringitusa.com\/gc2016\/teams\/u17-division\/nkbm-u17\/"]}]},{"@type":"ImageObject","inLanguage":"en-US","@id":"https:\/\/bringitusa.com\/gc2016\/teams\/u17-division\/nkbm-u17\/#primaryimage","url":"https:\/\/bringitusa.com\/gc2016\/wp-content\/uploads\/sites\/5\/2016\/07\/NKBM.jpg","contentUrl":"https:\/\/bringitusa.com\/gc2016\/wp-content\/uploads\/sites\/5\/2016\/07\/NKBM.jpg","width":1100,"height":733},{"@type":"BreadcrumbList","@id":"https:\/\/bringitusa.com\/gc2016\/teams\/u17-division\/nkbm-u17\/#breadcrumb","itemListElement":[{"@type":"ListItem","position":1,"name":"Home","item":"https:\/\/bringitusa.com\/gc2016\/"},{"@type":"ListItem","position":2,"name":"TEAMS","item":"https:\/\/bringitusa.com\/gc2016\/teams\/"},{"@type":"ListItem","position":3,"name":"U17 DIVISION","item":"https:\/\/bringitusa.com\/gc2016\/teams\/u17-division\/"},{"@type":"ListItem","position":4,"name":"NKBM U17"}]},{"@type":"WebSite","@id":"https:\/\/bringitusa.com\/gc2016\/#website","url":"https:\/\/bringitusa.com\/gc2016\/","name":"Global Challenge 2016","description":"Brought to you by Bring It USA","potentialAction":[{"@type":"SearchAction","target":{"@type":"EntryPoint","urlTemplate":"https:\/\/bringitusa.com\/gc2016\/?s={search_term_string}"},"query-input":{"@type":"PropertyValueSpecification","valueRequired":true,"valueName":"search_term_string"}}],"inLanguage":"en-US"}]}},"_links":{"self":[{"href":"https:\/\/bringitusa.com\/gc2016\/wp-json\/wp\/v2\/pages\/142","targetHints":{"allow":["GET"]}}],"collection":[{"href":"https:\/\/bringitusa.com\/gc2016\/wp-json\/wp\/v2\/pages"}],"about":[{"href":"https:\/\/bringitusa.com\/gc2016\/wp-json\/wp\/v2\/types\/page"}],"author":[{"embeddable":true,"href":"https:\/\/bringitusa.com\/gc2016\/wp-json\/wp\/v2\/users\/2"}],"replies":[{"embeddable":true,"href":"https:\/\/bringitusa.com\/gc2016\/wp-json\/wp\/v2\/comments?post=142"}],"version-history":[{"count":0,"href":"https:\/\/bringitusa.com\/gc2016\/wp-json\/wp\/v2\/pages\/142\/revisions"}],"up":[{"embeddable":true,"href":"https:\/\/bringitusa.com\/gc2016\/wp-json\/wp\/v2\/pages\/67"}],"wp:attachment":[{"href":"https:\/\/bringitusa.com\/gc2016\/wp-json\/wp\/v2\/media?parent=142"}],"curies":[{"name":"wp","href":"https:\/\/api.w.org\/{rel}","templated":true}]}}