{"id":144,"date":"2016-07-09T07:08:02","date_gmt":"2016-07-09T07:08:02","guid":{"rendered":"http:\/\/bringitusa.com\/gc2016\/?page_id=144"},"modified":"2016-07-12T10:32:32","modified_gmt":"2016-07-12T10:32:32","slug":"slovenia","status":"publish","type":"page","link":"https:\/\/bringitusa.com\/gc2016\/teams\/u17-division\/slovenia\/","title":{"rendered":"SLOVENIA"},"content":{"rendered":"<p><img decoding=\"async\" class=\"aligncenter size-full wp-image-186\" src=\"http:\/\/bringitusa.com\/gc2016\/wp-content\/uploads\/sites\/5\/2016\/07\/Slovenia.jpg\" alt=\"Slovenia\" width=\"1100\" height=\"736\" srcset=\"https:\/\/bringitusa.com\/gc2016\/wp-content\/uploads\/sites\/5\/2016\/07\/Slovenia-200x134.jpg 200w, https:\/\/bringitusa.com\/gc2016\/wp-content\/uploads\/sites\/5\/2016\/07\/Slovenia-300x201.jpg 300w, https:\/\/bringitusa.com\/gc2016\/wp-content\/uploads\/sites\/5\/2016\/07\/Slovenia-400x268.jpg 400w, https:\/\/bringitusa.com\/gc2016\/wp-content\/uploads\/sites\/5\/2016\/07\/Slovenia-600x401.jpg 600w, https:\/\/bringitusa.com\/gc2016\/wp-content\/uploads\/sites\/5\/2016\/07\/Slovenia-768x514.jpg 768w, https:\/\/bringitusa.com\/gc2016\/wp-content\/uploads\/sites\/5\/2016\/07\/Slovenia-800x535.jpg 800w, https:\/\/bringitusa.com\/gc2016\/wp-content\/uploads\/sites\/5\/2016\/07\/Slovenia-1024x685.jpg 1024w, https:\/\/bringitusa.com\/gc2016\/wp-content\/uploads\/sites\/5\/2016\/07\/Slovenia.jpg 1100w\" sizes=\"(max-width: 1100px) 100vw, 1100px\" \/><\/p>\n<table width=\"1134\">\n<tbody>\n<tr>\n<td width=\"151\"><strong>JERSEY NUMBER<\/strong><\/td>\n<td width=\"227\"><strong>NAME<\/strong><\/td>\n<td width=\"151\"><strong>POSITION<\/strong><\/td>\n<td width=\"151\"><strong>HEIGHT<\/strong><\/td>\n<td width=\"151\"><strong>YEAR OF BIRTH<\/strong><\/td>\n<td width=\"302\"><strong>CLUB<\/strong><\/td>\n<\/tr>\n<tr>\n<td width=\"151\"><\/td>\n<td width=\"227\">Nu\u0161a Trlep<\/td>\n<td width=\"151\">Outside<\/td>\n<td width=\"151\">177 cm<\/td>\n<td width=\"151\">2000<\/td>\n<td width=\"302\">Nova KBM Branik<\/td>\n<\/tr>\n<tr>\n<td width=\"151\"><\/td>\n<td width=\"227\">Ur\u0161a Ur\u0161i\u010d<\/td>\n<td width=\"151\">Middle<\/td>\n<td width=\"151\">181 cm<\/td>\n<td width=\"151\">2000<\/td>\n<td width=\"302\">Gen-I Volley<\/td>\n<\/tr>\n<tr>\n<td width=\"151\"><\/td>\n<td width=\"227\">Lara Kim Novak<\/td>\n<td width=\"151\">Setter<\/td>\n<td width=\"151\">177 cm<\/td>\n<td width=\"151\">2000<\/td>\n<td width=\"302\">ATK Grosuplje<\/td>\n<\/tr>\n<tr>\n<td width=\"151\"><\/td>\n<td width=\"227\">Brina Bra\u010dko<\/td>\n<td width=\"151\">Middle<\/td>\n<td width=\"151\">181 cm<\/td>\n<td width=\"151\">2000<\/td>\n<td width=\"302\">Nova KBM Branik<\/td>\n<\/tr>\n<tr>\n<td width=\"151\"><\/td>\n<td width=\"227\">Nika Bevc<\/td>\n<td width=\"151\">Outside<\/td>\n<td width=\"151\">180 cm<\/td>\n<td width=\"151\">2000<\/td>\n<td width=\"302\">ATK Grosuplje<\/td>\n<\/tr>\n<tr>\n<td width=\"151\"><\/td>\n<td width=\"227\">Zala Ko\u0161ak<\/td>\n<td width=\"151\">Libero<\/td>\n<td width=\"151\">175 cm<\/td>\n<td width=\"151\">2000<\/td>\n<td width=\"302\">OK Prevalje<\/td>\n<\/tr>\n<tr>\n<td width=\"151\"><\/td>\n<td width=\"227\">Nika Bavda\u017e<\/td>\n<td width=\"151\">Opposite<\/td>\n<td width=\"151\">183 cm<\/td>\n<td width=\"151\">2000<\/td>\n<td width=\"302\">Gen-I Volley<\/td>\n<\/tr>\n<tr>\n<td width=\"151\"><\/td>\n<td width=\"227\">Anja Zorman<\/td>\n<td width=\"151\">Middle<\/td>\n<td width=\"151\">183 cm<\/td>\n<td width=\"151\">2001<\/td>\n<td width=\"302\">DOORS<\/td>\n<\/tr>\n<tr>\n<td width=\"151\"><\/td>\n<td width=\"227\">Eva Zatkovi\u010d<\/td>\n<td width=\"151\">Opposite<\/td>\n<td width=\"151\">190 cm<\/td>\n<td width=\"151\">2001<\/td>\n<td width=\"302\">OK \u0160entvid<\/td>\n<\/tr>\n<tr>\n<td width=\"151\"><\/td>\n<td width=\"227\">Eva Poga\u010dar<\/td>\n<td width=\"151\">Setter<\/td>\n<td width=\"151\">184 cm<\/td>\n<td width=\"151\">2000<\/td>\n<td width=\"302\">DOORS<\/td>\n<\/tr>\n<tr>\n<td width=\"151\"><\/td>\n<td width=\"227\">Lorena Fijok Lorber<\/td>\n<td width=\"151\">Libero<\/td>\n<td width=\"151\">172 cm<\/td>\n<td width=\"151\">2003<\/td>\n<td width=\"302\">Nova KBM Branik<\/td>\n<\/tr>\n<tr>\n<td width=\"151\"><\/td>\n<td width=\"227\">Jo\u017ee \u010casar<\/td>\n<td width=\"151\">Head Coach<\/td>\n<td width=\"151\"><\/td>\n<td width=\"151\"><\/td>\n<td width=\"302\"><\/td>\n<\/tr>\n<tr>\n<td width=\"151\"><\/td>\n<td width=\"227\">Sebastjan Mik\u0161a<\/td>\n<td width=\"151\">Assistant Coach<\/td>\n<td width=\"151\"><\/td>\n<td width=\"151\"><\/td>\n<td width=\"302\"><\/td>\n<\/tr>\n<\/tbody>\n<\/table>\n","protected":false},"excerpt":{"rendered":"<p>JERSEY NUMBER NAME POSITION HEIGHT YEAR OF BIRTH CLUB Nu\u0161a Trlep Outside 177 cm 2000 Nova KBM Branik Ur\u0161a Ur\u0161i\u010d Middle 181 cm 2000 Gen-I Volley Lara Kim Novak Setter 177 cm 2000 ATK Grosuplje Brina Bra\u010dko Middle 181 cm 2000 Nova KBM Branik Nika Bevc Outside 180 cm 2000 ATK Grosuplje Zala Ko\u0161ak Libero  [&#8230;]<\/p>\n","protected":false},"author":2,"featured_media":0,"parent":67,"menu_order":0,"comment_status":"closed","ping_status":"closed","template":"","meta":{"footnotes":""},"class_list":["post-144","page","type-page","status-publish","hentry"],"yoast_head":"<!-- This site is optimized with the Yoast SEO plugin v26.7 - https:\/\/yoast.com\/wordpress\/plugins\/seo\/ -->\n<title>SLOVENIA - Global Challenge 2016<\/title>\n<meta name=\"robots\" content=\"index, follow, max-snippet:-1, max-image-preview:large, max-video-preview:-1\" \/>\n<link rel=\"canonical\" href=\"https:\/\/bringitusa.com\/gc2016\/teams\/u17-division\/slovenia\/\" \/>\n<meta property=\"og:locale\" content=\"en_US\" \/>\n<meta property=\"og:type\" content=\"article\" \/>\n<meta property=\"og:title\" content=\"SLOVENIA - Global Challenge 2016\" \/>\n<meta property=\"og:description\" content=\"JERSEY NUMBER NAME POSITION HEIGHT YEAR OF BIRTH CLUB Nu\u0161a Trlep Outside 177 cm 2000 Nova KBM Branik Ur\u0161a Ur\u0161i\u010d Middle 181 cm 2000 Gen-I Volley Lara Kim Novak Setter 177 cm 2000 ATK Grosuplje Brina Bra\u010dko Middle 181 cm 2000 Nova KBM Branik Nika Bevc Outside 180 cm 2000 ATK Grosuplje Zala Ko\u0161ak Libero [...]\" \/>\n<meta property=\"og:url\" content=\"https:\/\/bringitusa.com\/gc2016\/teams\/u17-division\/slovenia\/\" \/>\n<meta property=\"og:site_name\" content=\"Global Challenge 2016\" \/>\n<meta property=\"article:modified_time\" content=\"2016-07-12T10:32:32+00:00\" \/>\n<meta property=\"og:image\" content=\"http:\/\/bringitusa.com\/gc2016\/wp-content\/uploads\/sites\/5\/2016\/07\/Slovenia.jpg\" \/>\n<meta name=\"twitter:card\" content=\"summary_large_image\" \/>\n<script type=\"application\/ld+json\" class=\"yoast-schema-graph\">{\"@context\":\"https:\/\/schema.org\",\"@graph\":[{\"@type\":\"WebPage\",\"@id\":\"https:\/\/bringitusa.com\/gc2016\/teams\/u17-division\/slovenia\/\",\"url\":\"https:\/\/bringitusa.com\/gc2016\/teams\/u17-division\/slovenia\/\",\"name\":\"SLOVENIA - Global Challenge 2016\",\"isPartOf\":{\"@id\":\"https:\/\/bringitusa.com\/gc2016\/#website\"},\"primaryImageOfPage\":{\"@id\":\"https:\/\/bringitusa.com\/gc2016\/teams\/u17-division\/slovenia\/#primaryimage\"},\"image\":{\"@id\":\"https:\/\/bringitusa.com\/gc2016\/teams\/u17-division\/slovenia\/#primaryimage\"},\"thumbnailUrl\":\"http:\/\/bringitusa.com\/gc2016\/wp-content\/uploads\/sites\/5\/2016\/07\/Slovenia.jpg\",\"datePublished\":\"2016-07-09T07:08:02+00:00\",\"dateModified\":\"2016-07-12T10:32:32+00:00\",\"breadcrumb\":{\"@id\":\"https:\/\/bringitusa.com\/gc2016\/teams\/u17-division\/slovenia\/#breadcrumb\"},\"inLanguage\":\"en-US\",\"potentialAction\":[{\"@type\":\"ReadAction\",\"target\":[\"https:\/\/bringitusa.com\/gc2016\/teams\/u17-division\/slovenia\/\"]}]},{\"@type\":\"ImageObject\",\"inLanguage\":\"en-US\",\"@id\":\"https:\/\/bringitusa.com\/gc2016\/teams\/u17-division\/slovenia\/#primaryimage\",\"url\":\"https:\/\/bringitusa.com\/gc2016\/wp-content\/uploads\/sites\/5\/2016\/07\/Slovenia.jpg\",\"contentUrl\":\"https:\/\/bringitusa.com\/gc2016\/wp-content\/uploads\/sites\/5\/2016\/07\/Slovenia.jpg\",\"width\":1100,\"height\":736},{\"@type\":\"BreadcrumbList\",\"@id\":\"https:\/\/bringitusa.com\/gc2016\/teams\/u17-division\/slovenia\/#breadcrumb\",\"itemListElement\":[{\"@type\":\"ListItem\",\"position\":1,\"name\":\"Home\",\"item\":\"https:\/\/bringitusa.com\/gc2016\/\"},{\"@type\":\"ListItem\",\"position\":2,\"name\":\"TEAMS\",\"item\":\"https:\/\/bringitusa.com\/gc2016\/teams\/\"},{\"@type\":\"ListItem\",\"position\":3,\"name\":\"U17 DIVISION\",\"item\":\"https:\/\/bringitusa.com\/gc2016\/teams\/u17-division\/\"},{\"@type\":\"ListItem\",\"position\":4,\"name\":\"SLOVENIA\"}]},{\"@type\":\"WebSite\",\"@id\":\"https:\/\/bringitusa.com\/gc2016\/#website\",\"url\":\"https:\/\/bringitusa.com\/gc2016\/\",\"name\":\"Global Challenge 2016\",\"description\":\"Brought to you by Bring It USA\",\"potentialAction\":[{\"@type\":\"SearchAction\",\"target\":{\"@type\":\"EntryPoint\",\"urlTemplate\":\"https:\/\/bringitusa.com\/gc2016\/?s={search_term_string}\"},\"query-input\":{\"@type\":\"PropertyValueSpecification\",\"valueRequired\":true,\"valueName\":\"search_term_string\"}}],\"inLanguage\":\"en-US\"}]}<\/script>\n<!-- \/ Yoast SEO plugin. -->","yoast_head_json":{"title":"SLOVENIA - Global Challenge 2016","robots":{"index":"index","follow":"follow","max-snippet":"max-snippet:-1","max-image-preview":"max-image-preview:large","max-video-preview":"max-video-preview:-1"},"canonical":"https:\/\/bringitusa.com\/gc2016\/teams\/u17-division\/slovenia\/","og_locale":"en_US","og_type":"article","og_title":"SLOVENIA - Global Challenge 2016","og_description":"JERSEY NUMBER NAME POSITION HEIGHT YEAR OF BIRTH CLUB Nu\u0161a Trlep Outside 177 cm 2000 Nova KBM Branik Ur\u0161a Ur\u0161i\u010d Middle 181 cm 2000 Gen-I Volley Lara Kim Novak Setter 177 cm 2000 ATK Grosuplje Brina Bra\u010dko Middle 181 cm 2000 Nova KBM Branik Nika Bevc Outside 180 cm 2000 ATK Grosuplje Zala Ko\u0161ak Libero [...]","og_url":"https:\/\/bringitusa.com\/gc2016\/teams\/u17-division\/slovenia\/","og_site_name":"Global Challenge 2016","article_modified_time":"2016-07-12T10:32:32+00:00","og_image":[{"url":"http:\/\/bringitusa.com\/gc2016\/wp-content\/uploads\/sites\/5\/2016\/07\/Slovenia.jpg","type":"","width":"","height":""}],"twitter_card":"summary_large_image","schema":{"@context":"https:\/\/schema.org","@graph":[{"@type":"WebPage","@id":"https:\/\/bringitusa.com\/gc2016\/teams\/u17-division\/slovenia\/","url":"https:\/\/bringitusa.com\/gc2016\/teams\/u17-division\/slovenia\/","name":"SLOVENIA - Global Challenge 2016","isPartOf":{"@id":"https:\/\/bringitusa.com\/gc2016\/#website"},"primaryImageOfPage":{"@id":"https:\/\/bringitusa.com\/gc2016\/teams\/u17-division\/slovenia\/#primaryimage"},"image":{"@id":"https:\/\/bringitusa.com\/gc2016\/teams\/u17-division\/slovenia\/#primaryimage"},"thumbnailUrl":"http:\/\/bringitusa.com\/gc2016\/wp-content\/uploads\/sites\/5\/2016\/07\/Slovenia.jpg","datePublished":"2016-07-09T07:08:02+00:00","dateModified":"2016-07-12T10:32:32+00:00","breadcrumb":{"@id":"https:\/\/bringitusa.com\/gc2016\/teams\/u17-division\/slovenia\/#breadcrumb"},"inLanguage":"en-US","potentialAction":[{"@type":"ReadAction","target":["https:\/\/bringitusa.com\/gc2016\/teams\/u17-division\/slovenia\/"]}]},{"@type":"ImageObject","inLanguage":"en-US","@id":"https:\/\/bringitusa.com\/gc2016\/teams\/u17-division\/slovenia\/#primaryimage","url":"https:\/\/bringitusa.com\/gc2016\/wp-content\/uploads\/sites\/5\/2016\/07\/Slovenia.jpg","contentUrl":"https:\/\/bringitusa.com\/gc2016\/wp-content\/uploads\/sites\/5\/2016\/07\/Slovenia.jpg","width":1100,"height":736},{"@type":"BreadcrumbList","@id":"https:\/\/bringitusa.com\/gc2016\/teams\/u17-division\/slovenia\/#breadcrumb","itemListElement":[{"@type":"ListItem","position":1,"name":"Home","item":"https:\/\/bringitusa.com\/gc2016\/"},{"@type":"ListItem","position":2,"name":"TEAMS","item":"https:\/\/bringitusa.com\/gc2016\/teams\/"},{"@type":"ListItem","position":3,"name":"U17 DIVISION","item":"https:\/\/bringitusa.com\/gc2016\/teams\/u17-division\/"},{"@type":"ListItem","position":4,"name":"SLOVENIA"}]},{"@type":"WebSite","@id":"https:\/\/bringitusa.com\/gc2016\/#website","url":"https:\/\/bringitusa.com\/gc2016\/","name":"Global Challenge 2016","description":"Brought to you by Bring It USA","potentialAction":[{"@type":"SearchAction","target":{"@type":"EntryPoint","urlTemplate":"https:\/\/bringitusa.com\/gc2016\/?s={search_term_string}"},"query-input":{"@type":"PropertyValueSpecification","valueRequired":true,"valueName":"search_term_string"}}],"inLanguage":"en-US"}]}},"_links":{"self":[{"href":"https:\/\/bringitusa.com\/gc2016\/wp-json\/wp\/v2\/pages\/144","targetHints":{"allow":["GET"]}}],"collection":[{"href":"https:\/\/bringitusa.com\/gc2016\/wp-json\/wp\/v2\/pages"}],"about":[{"href":"https:\/\/bringitusa.com\/gc2016\/wp-json\/wp\/v2\/types\/page"}],"author":[{"embeddable":true,"href":"https:\/\/bringitusa.com\/gc2016\/wp-json\/wp\/v2\/users\/2"}],"replies":[{"embeddable":true,"href":"https:\/\/bringitusa.com\/gc2016\/wp-json\/wp\/v2\/comments?post=144"}],"version-history":[{"count":0,"href":"https:\/\/bringitusa.com\/gc2016\/wp-json\/wp\/v2\/pages\/144\/revisions"}],"up":[{"embeddable":true,"href":"https:\/\/bringitusa.com\/gc2016\/wp-json\/wp\/v2\/pages\/67"}],"wp:attachment":[{"href":"https:\/\/bringitusa.com\/gc2016\/wp-json\/wp\/v2\/media?parent=144"}],"curies":[{"name":"wp","href":"https:\/\/api.w.org\/{rel}","templated":true}]}}