{"id":96,"date":"2019-07-01T14:25:19","date_gmt":"2019-07-01T14:25:19","guid":{"rendered":"http:\/\/bringitusa.com\/gc2019\/?page_id=96"},"modified":"2021-07-13T14:51:10","modified_gmt":"2021-07-13T14:51:10","slug":"czech-republicu23","status":"publish","type":"page","link":"https:\/\/bringitusa.com\/gc2021\/czech-republicu23\/","title":{"rendered":"Czech Republic Select U23"},"content":{"rendered":"<div class=\"fusion-fullwidth fullwidth-box fusion-builder-row-1 nonhundred-percent-fullwidth non-hundred-percent-height-scrolling\" style=\"--awb-border-radius-top-left:0px;--awb-border-radius-top-right:0px;--awb-border-radius-bottom-right:0px;--awb-border-radius-bottom-left:0px;--awb-flex-wrap:wrap;\" ><div class=\"fusion-builder-row fusion-row\"><div class=\"fusion-layout-column fusion_builder_column fusion-builder-column-0 fusion_builder_column_1_1 1_1 fusion-one-full fusion-column-first fusion-column-last\" style=\"--awb-bg-size:cover;\"><div class=\"fusion-column-wrapper fusion-column-has-shadow fusion-flex-column-wrapper-legacy\"><div class=\"fusion-title title fusion-title-1 fusion-sep-none fusion-title-text fusion-title-size-one\" style=\"--awb-margin-top-small:0px;--awb-margin-right-small:0px;--awb-margin-bottom-small:20px;--awb-margin-left-small:0px;\"><h1 class=\"fusion-title-heading title-heading-left\" style=\"margin:0;\">Czech Republic U23<\/h1><\/div>\n<div class=\"table-2\">\n<p><img decoding=\"async\" class=\"size-medium wp-image-404 aligncenter\" src=\"http:\/\/bringitusa.com\/gc2021\/wp-content\/uploads\/sites\/9\/2021\/07\/IMG_20210712_210603-225x300.jpg\" alt=\"\" width=\"225\" height=\"300\" srcset=\"https:\/\/bringitusa.com\/gc2021\/wp-content\/uploads\/sites\/9\/2021\/07\/IMG_20210712_210603-200x267.jpg 200w, https:\/\/bringitusa.com\/gc2021\/wp-content\/uploads\/sites\/9\/2021\/07\/IMG_20210712_210603-225x300.jpg 225w, https:\/\/bringitusa.com\/gc2021\/wp-content\/uploads\/sites\/9\/2021\/07\/IMG_20210712_210603-400x534.jpg 400w, https:\/\/bringitusa.com\/gc2021\/wp-content\/uploads\/sites\/9\/2021\/07\/IMG_20210712_210603-600x800.jpg 600w, https:\/\/bringitusa.com\/gc2021\/wp-content\/uploads\/sites\/9\/2021\/07\/IMG_20210712_210603-768x1025.jpg 768w, https:\/\/bringitusa.com\/gc2021\/wp-content\/uploads\/sites\/9\/2021\/07\/IMG_20210712_210603-800x1067.jpg 800w, https:\/\/bringitusa.com\/gc2021\/wp-content\/uploads\/sites\/9\/2021\/07\/IMG_20210712_210603.jpg 1000w\" sizes=\"(max-width: 225px) 100vw, 225px\" \/><\/p>\n<table width=\"100%\">\n<thead>\n<tr>\n<th align=\"left\">Jersey #<\/th>\n<th align=\"left\">Name<\/th>\n<th align=\"left\">Position<\/th>\n<th align=\"left\">Height (cm)<\/th>\n<th align=\"left\">Year<\/th>\n<th align=\"left\">Club<\/th>\n<\/tr>\n<\/thead>\n<tbody>\n<tr>\n<td align=\"left\">1<\/td>\n<td align=\"left\">Pelik\u00e1nov\u00e1 Kate\u0159ina<\/td>\n<td align=\"left\"><\/td>\n<td align=\"left\"><\/td>\n<td align=\"left\"><\/td>\n<td align=\"left\"><\/td>\n<\/tr>\n<tr>\n<td align=\"left\">2<\/td>\n<td align=\"left\">V\u00fdtiskov\u00e1 Eli\u0161ka<\/td>\n<td align=\"left\"><\/td>\n<td align=\"left\"><\/td>\n<td align=\"left\"><\/td>\n<td align=\"left\"><\/td>\n<\/tr>\n<tr>\n<td align=\"left\">3<\/td>\n<td align=\"left\">Jedli\u010dkov\u00e1 Elen<\/td>\n<td align=\"left\"><\/td>\n<td align=\"left\"><\/td>\n<td align=\"left\"><\/td>\n<td align=\"left\"><\/td>\n<\/tr>\n<tr>\n<td align=\"left\">4<\/td>\n<td align=\"left\">\u017d\u00e1kov\u00e1 Zuzana<\/td>\n<td align=\"left\"><\/td>\n<td align=\"left\"><\/td>\n<td align=\"left\"><\/td>\n<td align=\"left\"><\/td>\n<\/tr>\n<tr>\n<td align=\"left\">5<\/td>\n<td align=\"left\">Mit\u00e1\u010dov\u00e1 Ad\u00e9la<\/td>\n<td align=\"left\"><\/td>\n<td align=\"left\"><\/td>\n<td align=\"left\"><\/td>\n<td align=\"left\"><\/td>\n<\/tr>\n<tr>\n<td align=\"left\">6<\/td>\n<td align=\"left\">Dvo\u0159\u00e1kov\u00e1 Viktorie<\/td>\n<td align=\"left\"><\/td>\n<td align=\"left\"><\/td>\n<td align=\"left\"><\/td>\n<td align=\"left\"><\/td>\n<\/tr>\n<tr>\n<td align=\"left\">7<\/td>\n<td align=\"left\">Keln\u00e1rov\u00e1 Antonie<\/td>\n<td align=\"left\"><\/td>\n<td align=\"left\"><\/td>\n<td align=\"left\"><\/td>\n<td align=\"left\"><\/td>\n<\/tr>\n<tr>\n<td align=\"left\">8<\/td>\n<td align=\"left\">Bohuslavov\u00e1 Barbora<\/td>\n<td align=\"left\"><\/td>\n<td align=\"left\"><\/td>\n<td align=\"left\"><\/td>\n<td align=\"left\"><\/td>\n<\/tr>\n<tr>\n<td align=\"left\">9<\/td>\n<td align=\"left\">Brancusk\u00e1 Monika<\/td>\n<td align=\"left\"><\/td>\n<td align=\"left\"><\/td>\n<td align=\"left\"><\/td>\n<td align=\"left\"><\/td>\n<\/tr>\n<tr>\n<td align=\"left\">Coach<\/td>\n<td align=\"left\">\n<div><span lang=\"CS\">Bedn\u00e1\u0159 Lubo\u0161<\/span><\/div>\n<\/td>\n<td align=\"left\"><\/td>\n<td align=\"left\"><\/td>\n<td align=\"left\"><\/td>\n<td align=\"left\"><\/td>\n<\/tr>\n<tr>\n<td align=\"left\">Coach<\/td>\n<td align=\"left\">\n<div><span lang=\"CS\">Mit\u00e1\u010d Stanislav <\/span><\/div>\n<\/td>\n<td align=\"left\"><\/td>\n<td align=\"left\"><\/td>\n<td align=\"left\"><\/td>\n<td align=\"left\"><\/td>\n<\/tr>\n<\/tbody>\n<\/table>\n<\/div>\n<div class=\"fusion-clearfix\"><\/div><\/div><\/div><\/div><\/div>\n","protected":false},"excerpt":{"rendered":"","protected":false},"author":7,"featured_media":0,"parent":0,"menu_order":0,"comment_status":"closed","ping_status":"closed","template":"","meta":{"footnotes":""},"class_list":["post-96","page","type-page","status-publish","hentry"],"yoast_head":"<!-- This site is optimized with the Yoast SEO plugin v26.7 - https:\/\/yoast.com\/wordpress\/plugins\/seo\/ -->\n<title>Czech Republic Select U23 - Global Challenge 2021<\/title>\n<meta name=\"robots\" content=\"index, follow, max-snippet:-1, max-image-preview:large, max-video-preview:-1\" \/>\n<link rel=\"canonical\" href=\"https:\/\/bringitusa.com\/gc2021\/czech-republicu23\/\" \/>\n<meta property=\"og:locale\" content=\"en_US\" \/>\n<meta property=\"og:type\" content=\"article\" \/>\n<meta property=\"og:title\" content=\"Czech Republic Select U23 - Global Challenge 2021\" \/>\n<meta property=\"og:url\" content=\"https:\/\/bringitusa.com\/gc2021\/czech-republicu23\/\" \/>\n<meta property=\"og:site_name\" content=\"Global Challenge 2021\" \/>\n<meta property=\"article:modified_time\" content=\"2021-07-13T14:51:10+00:00\" \/>\n<meta property=\"og:image\" content=\"http:\/\/bringitusa.com\/gc2021\/wp-content\/uploads\/sites\/9\/2021\/07\/IMG_20210712_210603-225x300.jpg\" \/>\n<meta name=\"twitter:card\" content=\"summary_large_image\" \/>\n<meta name=\"twitter:label1\" content=\"Est. reading time\" \/>\n\t<meta name=\"twitter:data1\" content=\"2 minutes\" \/>\n<script type=\"application\/ld+json\" class=\"yoast-schema-graph\">{\"@context\":\"https:\/\/schema.org\",\"@graph\":[{\"@type\":\"WebPage\",\"@id\":\"https:\/\/bringitusa.com\/gc2021\/czech-republicu23\/\",\"url\":\"https:\/\/bringitusa.com\/gc2021\/czech-republicu23\/\",\"name\":\"Czech Republic Select U23 - Global Challenge 2021\",\"isPartOf\":{\"@id\":\"https:\/\/bringitusa.com\/gc2021\/#website\"},\"primaryImageOfPage\":{\"@id\":\"https:\/\/bringitusa.com\/gc2021\/czech-republicu23\/#primaryimage\"},\"image\":{\"@id\":\"https:\/\/bringitusa.com\/gc2021\/czech-republicu23\/#primaryimage\"},\"thumbnailUrl\":\"http:\/\/bringitusa.com\/gc2021\/wp-content\/uploads\/sites\/9\/2021\/07\/IMG_20210712_210603-225x300.jpg\",\"datePublished\":\"2019-07-01T14:25:19+00:00\",\"dateModified\":\"2021-07-13T14:51:10+00:00\",\"breadcrumb\":{\"@id\":\"https:\/\/bringitusa.com\/gc2021\/czech-republicu23\/#breadcrumb\"},\"inLanguage\":\"en-US\",\"potentialAction\":[{\"@type\":\"ReadAction\",\"target\":[\"https:\/\/bringitusa.com\/gc2021\/czech-republicu23\/\"]}]},{\"@type\":\"ImageObject\",\"inLanguage\":\"en-US\",\"@id\":\"https:\/\/bringitusa.com\/gc2021\/czech-republicu23\/#primaryimage\",\"url\":\"https:\/\/bringitusa.com\/gc2021\/wp-content\/uploads\/sites\/9\/2021\/07\/IMG_20210712_210603.jpg\",\"contentUrl\":\"https:\/\/bringitusa.com\/gc2021\/wp-content\/uploads\/sites\/9\/2021\/07\/IMG_20210712_210603.jpg\",\"width\":1000,\"height\":1334},{\"@type\":\"BreadcrumbList\",\"@id\":\"https:\/\/bringitusa.com\/gc2021\/czech-republicu23\/#breadcrumb\",\"itemListElement\":[{\"@type\":\"ListItem\",\"position\":1,\"name\":\"Home\",\"item\":\"https:\/\/bringitusa.com\/gc2021\/\"},{\"@type\":\"ListItem\",\"position\":2,\"name\":\"Czech Republic Select U23\"}]},{\"@type\":\"WebSite\",\"@id\":\"https:\/\/bringitusa.com\/gc2021\/#website\",\"url\":\"https:\/\/bringitusa.com\/gc2021\/\",\"name\":\"Global Challenge 2021\",\"description\":\"The 16th Annual Global Challenge will take place in Pula, Croatia on July 12 through July 16, 2021 for u18 and u23 teams from around the world.\",\"potentialAction\":[{\"@type\":\"SearchAction\",\"target\":{\"@type\":\"EntryPoint\",\"urlTemplate\":\"https:\/\/bringitusa.com\/gc2021\/?s={search_term_string}\"},\"query-input\":{\"@type\":\"PropertyValueSpecification\",\"valueRequired\":true,\"valueName\":\"search_term_string\"}}],\"inLanguage\":\"en-US\"}]}<\/script>\n<!-- \/ Yoast SEO plugin. -->","yoast_head_json":{"title":"Czech Republic Select U23 - Global Challenge 2021","robots":{"index":"index","follow":"follow","max-snippet":"max-snippet:-1","max-image-preview":"max-image-preview:large","max-video-preview":"max-video-preview:-1"},"canonical":"https:\/\/bringitusa.com\/gc2021\/czech-republicu23\/","og_locale":"en_US","og_type":"article","og_title":"Czech Republic Select U23 - Global Challenge 2021","og_url":"https:\/\/bringitusa.com\/gc2021\/czech-republicu23\/","og_site_name":"Global Challenge 2021","article_modified_time":"2021-07-13T14:51:10+00:00","og_image":[{"url":"http:\/\/bringitusa.com\/gc2021\/wp-content\/uploads\/sites\/9\/2021\/07\/IMG_20210712_210603-225x300.jpg","type":"","width":"","height":""}],"twitter_card":"summary_large_image","twitter_misc":{"Est. reading time":"2 minutes"},"schema":{"@context":"https:\/\/schema.org","@graph":[{"@type":"WebPage","@id":"https:\/\/bringitusa.com\/gc2021\/czech-republicu23\/","url":"https:\/\/bringitusa.com\/gc2021\/czech-republicu23\/","name":"Czech Republic Select U23 - Global Challenge 2021","isPartOf":{"@id":"https:\/\/bringitusa.com\/gc2021\/#website"},"primaryImageOfPage":{"@id":"https:\/\/bringitusa.com\/gc2021\/czech-republicu23\/#primaryimage"},"image":{"@id":"https:\/\/bringitusa.com\/gc2021\/czech-republicu23\/#primaryimage"},"thumbnailUrl":"http:\/\/bringitusa.com\/gc2021\/wp-content\/uploads\/sites\/9\/2021\/07\/IMG_20210712_210603-225x300.jpg","datePublished":"2019-07-01T14:25:19+00:00","dateModified":"2021-07-13T14:51:10+00:00","breadcrumb":{"@id":"https:\/\/bringitusa.com\/gc2021\/czech-republicu23\/#breadcrumb"},"inLanguage":"en-US","potentialAction":[{"@type":"ReadAction","target":["https:\/\/bringitusa.com\/gc2021\/czech-republicu23\/"]}]},{"@type":"ImageObject","inLanguage":"en-US","@id":"https:\/\/bringitusa.com\/gc2021\/czech-republicu23\/#primaryimage","url":"https:\/\/bringitusa.com\/gc2021\/wp-content\/uploads\/sites\/9\/2021\/07\/IMG_20210712_210603.jpg","contentUrl":"https:\/\/bringitusa.com\/gc2021\/wp-content\/uploads\/sites\/9\/2021\/07\/IMG_20210712_210603.jpg","width":1000,"height":1334},{"@type":"BreadcrumbList","@id":"https:\/\/bringitusa.com\/gc2021\/czech-republicu23\/#breadcrumb","itemListElement":[{"@type":"ListItem","position":1,"name":"Home","item":"https:\/\/bringitusa.com\/gc2021\/"},{"@type":"ListItem","position":2,"name":"Czech Republic Select U23"}]},{"@type":"WebSite","@id":"https:\/\/bringitusa.com\/gc2021\/#website","url":"https:\/\/bringitusa.com\/gc2021\/","name":"Global Challenge 2021","description":"The 16th Annual Global Challenge will take place in Pula, Croatia on July 12 through July 16, 2021 for u18 and u23 teams from around the world.","potentialAction":[{"@type":"SearchAction","target":{"@type":"EntryPoint","urlTemplate":"https:\/\/bringitusa.com\/gc2021\/?s={search_term_string}"},"query-input":{"@type":"PropertyValueSpecification","valueRequired":true,"valueName":"search_term_string"}}],"inLanguage":"en-US"}]}},"_links":{"self":[{"href":"https:\/\/bringitusa.com\/gc2021\/wp-json\/wp\/v2\/pages\/96","targetHints":{"allow":["GET"]}}],"collection":[{"href":"https:\/\/bringitusa.com\/gc2021\/wp-json\/wp\/v2\/pages"}],"about":[{"href":"https:\/\/bringitusa.com\/gc2021\/wp-json\/wp\/v2\/types\/page"}],"author":[{"embeddable":true,"href":"https:\/\/bringitusa.com\/gc2021\/wp-json\/wp\/v2\/users\/7"}],"replies":[{"embeddable":true,"href":"https:\/\/bringitusa.com\/gc2021\/wp-json\/wp\/v2\/comments?post=96"}],"version-history":[{"count":0,"href":"https:\/\/bringitusa.com\/gc2021\/wp-json\/wp\/v2\/pages\/96\/revisions"}],"wp:attachment":[{"href":"https:\/\/bringitusa.com\/gc2021\/wp-json\/wp\/v2\/media?parent=96"}],"curies":[{"name":"wp","href":"https:\/\/api.w.org\/{rel}","templated":true}]}}